15
In base 9, what is 1 + 1604?
1605
In base 4, what is -11201 - -3?
-11132
In base 10, what is 0 - 5899?
-5899
In base 9, what is -512 - -4?
-507
In base 5, what is 0 + -3?
-3
In base 2, what is -1000 - -1011?
11
In base 10, what is 3 - -327?
330
In base 10, what is 5 - 1448?
-1443
In base 14, what is 886c + -2?
886a
In base 8, what is -5 + 117?
112
In base 5, what is -2430 + 3?
-2422
In base 5, what is 1 + 12303?
12304
In base 7, what is -5 - -235?
230
In base 3, what is -11 - 1020002?
-1020020
In base 5, what is 243 - 101?
142
In base 13, what is -16 + a8?
92
In base 13, what is 6b - -103?
171
In base 5, what is -14 - 4?
-23
In base 14, what is 6 + 20?
26
In base 3, what is -12 - -21100?
21011
In base 13, what is 2 - -32?
34
In base 10, what is 13 - -28?
41
In base 12, what is -1463 - -3?
-1460
In base 5, what is -11410 + -13?
-11423
In base 7, what is 1 + -616?
-615
In base 10, what is 3 - -68?
71
In base 7, what is 52 + -600?
-515
In base 9, what is -751 - 0?
-751
In base 2, what is 1011011101 + 100001?
1011111110
In base 10, what is 0 - 8?
-8
In base 10, what is -115 + -3?
-118
In base 14, what is 96 + -1?
95
In base 12, what is -1 + -165?
-166
In base 2, what is 10 - -1001011000111?
1001011001001
In base 14, what is -28 - 2b?
-55
In base 7, what is 3410 - -24?
3434
In base 3, what is 1111020 - -1?
1111021
In base 10, what is 4 + -215?
-211
In base 4, what is -223 - -12?
-211
In base 5, what is 1134 - 10?
1124
In base 3, what is 12 + -210011?
-202222
In base 3, what is 221 - 10?
211
In base 16, what is -15 + -1d?
-32
In base 9, what is 5 + 1705?
1711
In base 14, what is 349 - -2?
34b
In base 5, what is 230121 + -4?
230112
In base 2, what is -1111010 - -10101000?
101110
In base 8, what is 35 + 300?
335
In base 10, what is -11279 - 2?
-11281
In base 12, what is 5 - 39?
-34
In base 13, what is 5 + a3?
a8
In base 14, what is -2a - -91?
65
In base 11, what is 2903 + -3?
2900
In base 4, what is 12221310 - 1?
12221303
In base 7, what is 3 + -135?
-132
In base 11, what is -22 + 44?
22
In base 10, what is 4 + 517?
521
In base 15, what is -28 - 24?
-4c
In base 4, what is -122 + -2?
-130
In base 4, what is 1220002 + 1?
1220003
In base 3, what is 2 + 2110?
2112
In base 13, what is -1 - 37?
-38
In base 13, what is 8 - -11b?
126
In base 4, what is -1332 + -3?
-2001
In base 2, what is 10000001 + 10011?
10010100
In base 9, what is -477 + 44?
-433
In base 9, what is -8 - -101?
82
In base 5, what is -4 - -331?
322
In base 4, what is 2020 - -1?
2021
In base 15, what is 5 + 12?
17
In base 10, what is -7 - -30?
23
In base 10, what is -26 - 10?
-36
In base 12, what is -640 - -25?
-617
In base 3, what is 101100 + -2?
101021
In base 8, what is -200 + 43?
-135
In base 13, what is 5 - 14b?
-146
In base 14, what is -5 - -9?
4
In base 12, what is 7 + 19?
24
In base 15, what is -235 + -1e?
-254
In base 12, what is -4 - 20?
-24
In base 2, what is -111 - -101010000001?
101001111010
In base 16, what is 2f9b + -3?
2f98
In base 14, what is 2 + -2b1?
-2ad
In base 7, what is 24 - -44?
101
In base 12, what is -4 - -1b?
17
In base 9, what is -377 - 43?
-431
In base 3, what is 12 + 211?
1000
In base 2, what is -11100010 - -1?
-11100001
In base 9, what is -880 + 5?
-874
In base 15, what is -11 - -5?
-b
In base 5, what is -2 + -112?
-114
In base 8, what is 2 + -1444?
-1442
In base 16, what is 3 - -23?
26
In base 8, what is 21 + -5?
14
In base 7, what is -12 + 1106?
1064
In base 8, what is 5130 + -2?
5126
In base 7, what is 4452 + 15?
4500
In base 14, what is -280 + -5?
-285
In base 11, what is 52 + 8?
5a
In base 8, what is 120 - -2?
122
In base 16, what is -cc - -e?
-be
In base 8, what is 0 + -21?
-21
In base 11, what is 2 - 17a?
-178
In base 8, what is -523 + 2?
-521
In base 4, what is -13331 + -10?
-20001
In base 8, what is -13 + 35?
22
In base 2, what is -10110011 + 1001000?
-1101011
In base 12, what is -2 + -3840?
-3842
In base 6, what is 32 - -2035?
2111
In base 8, what is -1 - -37?
36
In base 15, what is -6b - 70?
-db
In base 10, what is 11 + -38?
-27
In base 4, what is 20 + 20010?
20030
In base 7, what is -14 + -4?
-21
In base 4, what is 221 + -10?
211
In base 9, what is 13301 - 1?
13300
In base 9, what is -33 - 7?
-41
In base 6, what is 4 + -54?
-50
In base 9, what is 1120 - -3?
1123
In base 14, what is -7 - 7c?
-85
In base 6, what is 20 + 451?
511
In base 3, what is -11002022 - 12?
-11002111
In base 16, what is 1c - -a?
26
In base 10, what is 7 + 62?
69
In base 5, what is -341 - -2?
-334
In base 14, what is -24 + 62d?
609
In base 13, what is 5 - -67c?
684
In base 12, what is 2b + 4?
33
In base 13, what is -a58 - -5?
-a53
In base 7, what is -4556 + 1?
-4555
In base 6, what is 5 + 150?
155
In base 11, what is 0 + -3687?
-3687
In base 5, what is -130 + -10012?
-10142
In base 15, what is -c5 + -5?
-ca
In base 9, what is -72 + 12?
-60
In base 15, what is -1 - -282?
281
In base 4, what is 3 + 3203?
3212
In base 8, what is 546 - -4?
552
In base 13, what is b + -870?
-862
In base 8, what is -3206 - 17?
-3225
In base 8, what is 0 + -2146?
-2146
In base 7, what is 3 - 55?
-52
In base 15, what is 0 - -19e?
19e
In base 11, what is -44 + 22?
-22
In base 16, what is -24 + -2?
-26
In base 8, what is 2124 - 2?
2122
In base 7, what is 14 - -6?
23
In base 6, what is 133 - 151?
-14
In base 12, what is a788 + -4?
a784
In base 12, what is 834 - -b?
843
In base 6, what is 0 - 454?
-454
In base 14, what is -1b9 + 5?
-1b4
In base 10, what is 341 - 0?
341
In base 15, what is -28 - -13?
-15
In base 3, what is -100202 - -2012?
-21120
In base 4, what is -13 - -101?
22
In base 8, what is 2 + 56?
60
In base 2, what is -10 + -101011?
-101101
In base 9, what is 372 + -5?
366
In base 4, what is -10 + -33?
-103
In base 2, what is -1011001100011 + -10?
-1011001100101
In base 8, what is 2412 + -3?
2407
In base 7, what is -10022 - 0?
-10022
In base 10, what is 1 + -1056?
-1055
In base 10, what is -56 + 9?
-47
In base 11, what is -3 + 132?
12a
In base 13, what is 900 + -3?
8ca
In base 12, what is -53 + 207?
174
In base 8, what is -135 - 3?
-140
In base 5, what is -24 - 13133?
-13212
In base 12, what is 162b5 + 3?
162b8
In base 13, what is 0 + -1534?
-1534
In base 13, what is 2 - -35?
37
In base 10, what is 2181 + 1?
2182
In base 13, what is -5 - 12b?
-133
In base 11, what is 3 + -91?
-89
In base 12, what is 5 - -4b1?
4b6
In base 2, what is 110001010 + -101?
110000101
In base 15, what is -2d76 - -3?
-2d73
In base 6, what is 132520 - 4?
132512
In base 12, what is 106 + -64?
62
In base 16, what is 15a6 - 2?
15a4
In base 16, what is -2 + 7?
5
In base 2, what is 1100 + -111101?
-110001
In base 12, what is aa3 - 4?
a9b
In base 9, what is 127 - -65?
203
In base 3, what is -1200 + 201?
-222
In base 9, what is -1431 + -3?
-1434
In base 10, what is -2 + -231?
-233
In base 9, what is -11230 - -5?
-11224
In base 12, what is -2 + 40?
3a
In base 13, what is -59c2 + 1?
-59c1
In base 14, what is 161 + 3?
164
In base 10, what is 12 + 2?
14
In base 11, what is -18 - 180?
-198
In base 2, what is -10010 - -11010001001?
11001110111
In base 8, what is 664 - 25?
637
In base 15, what is 12b + 1?
12c
In base 9, what is -1482 - -1?
-1481
In base 5, what is -4 - 430?
-434
In base 6, what is 25 - -4?
33
In base 2, what is -1001110 + 100010?
-101100
In base 9, what is -4 - 3256?
-3261
In base 12, what is -6 - -43?
39
In base 9, what is -41 - 20?
-61
In base 16, what is 3 - -a?
d
In base 7, what is 3 - 10055?
-10052
In base 4, what is 22 - 120033?
-120011
In base 11, what is -90 - -16?
-75
In base 5, what is -1 - 221102?
-221103
In base 13, what is 4 - -31?
35
In base 5, what is -3 - 12322?
-12330
In base 8, what is 34 + -131?
-75
In base 12, what is -749 + -3?
-750
In base 8, what is -4 - 2132?
-2136
In base 13, what is 3 + -78?
-75
In base 12, what is 1 + -b8?
-b7
In base 13, what is 7a - b?
6c
In base 3, what is -2 - -121102?
121100
In base 10, what is -73 - 116?
-189
In base 15, what is -5 - -35?
30
In base 12, what is 33 - 1a3?
-170
In base 3, what is -11 + -212111?
-212122
In base 2, what is 1011 + 10110?
100001
In base 4, what is 23 + -202?
-113
In base 16, what is 17 + -9?
e
In base 6, what is -501523 + 4?
-501515
In base 13, what is 14 - 2?
12
In base 13, what is 7a3 + 2?
7a5
In base 12, what is 60 - 25?
37
In base 11, wh